{"id":19,"date":"2025-09-03T20:06:43","date_gmt":"2025-09-03T20:06:43","guid":{"rendered":"https:\/\/amilux.hosting24.pl\/wordpress\/?page_id=19"},"modified":"2025-09-03T20:10:37","modified_gmt":"2025-09-03T20:10:37","slug":"o-nas","status":"publish","type":"page","link":"https:\/\/amilux-wp-staging.amilux.hosting24.pl\/index.php\/sample-page\/o-nas\/","title":{"rendered":"O nas"},"content":{"rendered":"\n<p>Amilux sp. z o.o. to nowoczesna firma transportowo-spedycyjna dzia\u0142aj\u0105ca na rynku krajowym i mi\u0119dzynarodowym. Wspieramy naszych klient\u00f3w w bezpiecznym i terminowym dostarczaniu \u0142adunk\u00f3w na terenie ca\u0142ej Unii Europejskiej.<\/p>\n\n\n\n<p>Dysponujemy flot\u0105 pojazd\u00f3w dostosowan\u0105 do r\u00f3\u017cnych potrzeb \u2013 od samochod\u00f3w dostawczych do 3,5 tony po zestawy ci\u0105gniki siod\u0142owe z naczepami. Nasz zesp\u00f3\u0142 do\u015bwiadczeni profesjonali\u015bci, kt\u00f3rzy ka\u017cdego dnia dbaj\u0105 o najwy\u017csz\u0105 jako\u015b\u0107 obs\u0142ugi i pe\u0142n\u0105 zgodno\u015b\u0107 z europejskimi przepisami\u00a0transportowymi.<\/p>\n\n\n\n<p><\/p>\n","protected":false},"excerpt":{"rendered":"<p>Amilux sp. z o.o. to nowoczesna firma transportowo-spedycyjna dzia\u0142aj\u0105ca na rynku krajowym i mi\u0119dzynarodowym. Wspieramy naszych klient\u00f3w w bezpiecznym i terminowym dostarczaniu \u0142adunk\u00f3w na terenie ca\u0142ej Unii Europejskiej. Dysponujemy flot\u0105 pojazd\u00f3w dostosowan\u0105 do r\u00f3\u017cnych potrzeb \u2013 od samochod\u00f3w dostawczych do 3,5 tony po zestawy ci\u0105gniki siod\u0142owe z naczepami. Nasz zesp\u00f3\u0142 do\u015bwiadczeni profesjonali\u015bci, kt\u00f3rzy ka\u017cdego dnia [&hellip;]<\/p>\n","protected":false},"author":1,"featured_media":0,"parent":2,"menu_order":0,"comment_status":"closed","ping_status":"closed","template":"","meta":{"footnotes":""},"class_list":["post-19","page","type-page","status-publish","hentry"],"yoast_head":"<!-- This site is optimized with the Yoast SEO plugin v26.3 - https:\/\/yoast.com\/wordpress\/plugins\/seo\/ -->\n<title>O nas - AMILUX SP. Z O.O.<\/title>\n<meta name=\"robots\" content=\"noindex, follow, max-snippet:-1, max-image-preview:large, max-video-preview:-1\" \/>\n<meta property=\"og:locale\" content=\"pl_PL\" \/>\n<meta property=\"og:type\" content=\"article\" \/>\n<meta property=\"og:title\" content=\"O nas - AMILUX SP. Z O.O.\" \/>\n<meta property=\"og:description\" content=\"Amilux sp. z o.o. to nowoczesna firma transportowo-spedycyjna dzia\u0142aj\u0105ca na rynku krajowym i mi\u0119dzynarodowym. Wspieramy naszych klient\u00f3w w bezpiecznym i terminowym dostarczaniu \u0142adunk\u00f3w na terenie ca\u0142ej Unii Europejskiej. Dysponujemy flot\u0105 pojazd\u00f3w dostosowan\u0105 do r\u00f3\u017cnych potrzeb \u2013 od samochod\u00f3w dostawczych do 3,5 tony po zestawy ci\u0105gniki siod\u0142owe z naczepami. Nasz zesp\u00f3\u0142 do\u015bwiadczeni profesjonali\u015bci, kt\u00f3rzy ka\u017cdego dnia [&hellip;]\" \/>\n<meta property=\"og:url\" content=\"https:\/\/amilux-wp-staging.amilux.hosting24.pl\/index.php\/sample-page\/o-nas\/\" \/>\n<meta property=\"og:site_name\" content=\"AMILUX SP. Z O.O.\" \/>\n<meta property=\"article:modified_time\" content=\"2025-09-03T20:10:37+00:00\" \/>\n<meta name=\"twitter:card\" content=\"summary_large_image\" \/>\n<meta name=\"twitter:label1\" content=\"Szacowany czas czytania\" \/>\n\t<meta name=\"twitter:data1\" content=\"1 minuta\" \/>\n<script type=\"application\/ld+json\" class=\"yoast-schema-graph\">{\"@context\":\"https:\/\/schema.org\",\"@graph\":[{\"@type\":\"WebPage\",\"@id\":\"https:\/\/amilux-wp-staging.amilux.hosting24.pl\/index.php\/sample-page\/o-nas\/\",\"url\":\"https:\/\/amilux-wp-staging.amilux.hosting24.pl\/index.php\/sample-page\/o-nas\/\",\"name\":\"O nas - AMILUX SP. Z O.O.\",\"isPartOf\":{\"@id\":\"https:\/\/amilux-wp-staging.amilux.hosting24.pl\/#website\"},\"datePublished\":\"2025-09-03T20:06:43+00:00\",\"dateModified\":\"2025-09-03T20:10:37+00:00\",\"breadcrumb\":{\"@id\":\"https:\/\/amilux-wp-staging.amilux.hosting24.pl\/index.php\/sample-page\/o-nas\/#breadcrumb\"},\"inLanguage\":\"pl-PL\",\"potentialAction\":[{\"@type\":\"ReadAction\",\"target\":[\"https:\/\/amilux-wp-staging.amilux.hosting24.pl\/index.php\/sample-page\/o-nas\/\"]}]},{\"@type\":\"BreadcrumbList\",\"@id\":\"https:\/\/amilux-wp-staging.amilux.hosting24.pl\/index.php\/sample-page\/o-nas\/#breadcrumb\",\"itemListElement\":[{\"@type\":\"ListItem\",\"position\":1,\"name\":\"Strona g\u0142\u00f3wna\",\"item\":\"https:\/\/amilux-wp-staging.amilux.hosting24.pl\/\"},{\"@type\":\"ListItem\",\"position\":2,\"name\":\"Sample Page\",\"item\":\"https:\/\/amilux-wp-staging.amilux.hosting24.pl\/index.php\/sample-page\/\"},{\"@type\":\"ListItem\",\"position\":3,\"name\":\"O nas\"}]},{\"@type\":\"WebSite\",\"@id\":\"https:\/\/amilux-wp-staging.amilux.hosting24.pl\/#website\",\"url\":\"https:\/\/amilux-wp-staging.amilux.hosting24.pl\/\",\"name\":\"AMILUX SP. Z O.O.\",\"description\":\"\",\"publisher\":{\"@id\":\"https:\/\/amilux-wp-staging.amilux.hosting24.pl\/#organization\"},\"potentialAction\":[{\"@type\":\"SearchAction\",\"target\":{\"@type\":\"EntryPoint\",\"urlTemplate\":\"https:\/\/amilux-wp-staging.amilux.hosting24.pl\/?s={search_term_string}\"},\"query-input\":{\"@type\":\"PropertyValueSpecification\",\"valueRequired\":true,\"valueName\":\"search_term_string\"}}],\"inLanguage\":\"pl-PL\"},{\"@type\":\"Organization\",\"@id\":\"https:\/\/amilux-wp-staging.amilux.hosting24.pl\/#organization\",\"name\":\"AMILUX SP. Z O.O.\",\"url\":\"https:\/\/amilux-wp-staging.amilux.hosting24.pl\/\",\"logo\":{\"@type\":\"ImageObject\",\"inLanguage\":\"pl-PL\",\"@id\":\"https:\/\/amilux-wp-staging.amilux.hosting24.pl\/#\/schema\/logo\/image\/\",\"url\":\"https:\/\/amilux-wp-staging.amilux.hosting24.pl\/wp-content\/uploads\/2025\/09\/amilux_logo_color_transparent.png\",\"contentUrl\":\"https:\/\/amilux-wp-staging.amilux.hosting24.pl\/wp-content\/uploads\/2025\/09\/amilux_logo_color_transparent.png\",\"width\":362,\"height\":333,\"caption\":\"AMILUX SP. Z O.O.\"},\"image\":{\"@id\":\"https:\/\/amilux-wp-staging.amilux.hosting24.pl\/#\/schema\/logo\/image\/\"}}]}<\/script>\n<!-- \/ Yoast SEO plugin. -->","yoast_head_json":{"title":"O nas - AMILUX SP. Z O.O.","robots":{"index":"noindex","follow":"follow","max-snippet":"max-snippet:-1","max-image-preview":"max-image-preview:large","max-video-preview":"max-video-preview:-1"},"og_locale":"pl_PL","og_type":"article","og_title":"O nas - AMILUX SP. Z O.O.","og_description":"Amilux sp. z o.o. to nowoczesna firma transportowo-spedycyjna dzia\u0142aj\u0105ca na rynku krajowym i mi\u0119dzynarodowym. Wspieramy naszych klient\u00f3w w bezpiecznym i terminowym dostarczaniu \u0142adunk\u00f3w na terenie ca\u0142ej Unii Europejskiej. Dysponujemy flot\u0105 pojazd\u00f3w dostosowan\u0105 do r\u00f3\u017cnych potrzeb \u2013 od samochod\u00f3w dostawczych do 3,5 tony po zestawy ci\u0105gniki siod\u0142owe z naczepami. Nasz zesp\u00f3\u0142 do\u015bwiadczeni profesjonali\u015bci, kt\u00f3rzy ka\u017cdego dnia [&hellip;]","og_url":"https:\/\/amilux-wp-staging.amilux.hosting24.pl\/index.php\/sample-page\/o-nas\/","og_site_name":"AMILUX SP. Z O.O.","article_modified_time":"2025-09-03T20:10:37+00:00","twitter_card":"summary_large_image","twitter_misc":{"Szacowany czas czytania":"1 minuta"},"schema":{"@context":"https:\/\/schema.org","@graph":[{"@type":"WebPage","@id":"https:\/\/amilux-wp-staging.amilux.hosting24.pl\/index.php\/sample-page\/o-nas\/","url":"https:\/\/amilux-wp-staging.amilux.hosting24.pl\/index.php\/sample-page\/o-nas\/","name":"O nas - AMILUX SP. Z O.O.","isPartOf":{"@id":"https:\/\/amilux-wp-staging.amilux.hosting24.pl\/#website"},"datePublished":"2025-09-03T20:06:43+00:00","dateModified":"2025-09-03T20:10:37+00:00","breadcrumb":{"@id":"https:\/\/amilux-wp-staging.amilux.hosting24.pl\/index.php\/sample-page\/o-nas\/#breadcrumb"},"inLanguage":"pl-PL","potentialAction":[{"@type":"ReadAction","target":["https:\/\/amilux-wp-staging.amilux.hosting24.pl\/index.php\/sample-page\/o-nas\/"]}]},{"@type":"BreadcrumbList","@id":"https:\/\/amilux-wp-staging.amilux.hosting24.pl\/index.php\/sample-page\/o-nas\/#breadcrumb","itemListElement":[{"@type":"ListItem","position":1,"name":"Strona g\u0142\u00f3wna","item":"https:\/\/amilux-wp-staging.amilux.hosting24.pl\/"},{"@type":"ListItem","position":2,"name":"Sample Page","item":"https:\/\/amilux-wp-staging.amilux.hosting24.pl\/index.php\/sample-page\/"},{"@type":"ListItem","position":3,"name":"O nas"}]},{"@type":"WebSite","@id":"https:\/\/amilux-wp-staging.amilux.hosting24.pl\/#website","url":"https:\/\/amilux-wp-staging.amilux.hosting24.pl\/","name":"AMILUX SP. Z O.O.","description":"","publisher":{"@id":"https:\/\/amilux-wp-staging.amilux.hosting24.pl\/#organization"},"potentialAction":[{"@type":"SearchAction","target":{"@type":"EntryPoint","urlTemplate":"https:\/\/amilux-wp-staging.amilux.hosting24.pl\/?s={search_term_string}"},"query-input":{"@type":"PropertyValueSpecification","valueRequired":true,"valueName":"search_term_string"}}],"inLanguage":"pl-PL"},{"@type":"Organization","@id":"https:\/\/amilux-wp-staging.amilux.hosting24.pl\/#organization","name":"AMILUX SP. Z O.O.","url":"https:\/\/amilux-wp-staging.amilux.hosting24.pl\/","logo":{"@type":"ImageObject","inLanguage":"pl-PL","@id":"https:\/\/amilux-wp-staging.amilux.hosting24.pl\/#\/schema\/logo\/image\/","url":"https:\/\/amilux-wp-staging.amilux.hosting24.pl\/wp-content\/uploads\/2025\/09\/amilux_logo_color_transparent.png","contentUrl":"https:\/\/amilux-wp-staging.amilux.hosting24.pl\/wp-content\/uploads\/2025\/09\/amilux_logo_color_transparent.png","width":362,"height":333,"caption":"AMILUX SP. Z O.O."},"image":{"@id":"https:\/\/amilux-wp-staging.amilux.hosting24.pl\/#\/schema\/logo\/image\/"}}]}},"_links":{"self":[{"href":"https:\/\/amilux-wp-staging.amilux.hosting24.pl\/index.php\/wp-json\/wp\/v2\/pages\/19","targetHints":{"allow":["GET"]}}],"collection":[{"href":"https:\/\/amilux-wp-staging.amilux.hosting24.pl\/index.php\/wp-json\/wp\/v2\/pages"}],"about":[{"href":"https:\/\/amilux-wp-staging.amilux.hosting24.pl\/index.php\/wp-json\/wp\/v2\/types\/page"}],"author":[{"embeddable":true,"href":"https:\/\/amilux-wp-staging.amilux.hosting24.pl\/index.php\/wp-json\/wp\/v2\/users\/1"}],"replies":[{"embeddable":true,"href":"https:\/\/amilux-wp-staging.amilux.hosting24.pl\/index.php\/wp-json\/wp\/v2\/comments?post=19"}],"version-history":[{"count":1,"href":"https:\/\/amilux-wp-staging.amilux.hosting24.pl\/index.php\/wp-json\/wp\/v2\/pages\/19\/revisions"}],"predecessor-version":[{"id":20,"href":"https:\/\/amilux-wp-staging.amilux.hosting24.pl\/index.php\/wp-json\/wp\/v2\/pages\/19\/revisions\/20"}],"up":[{"embeddable":true,"href":"https:\/\/amilux-wp-staging.amilux.hosting24.pl\/index.php\/wp-json\/wp\/v2\/pages\/2"}],"wp:attachment":[{"href":"https:\/\/amilux-wp-staging.amilux.hosting24.pl\/index.php\/wp-json\/wp\/v2\/media?parent=19"}],"curies":[{"name":"wp","href":"https:\/\/api.w.org\/{rel}","templated":true}]}}